{"id":305,"date":"2024-07-25T03:13:22","date_gmt":"2024-07-25T03:13:22","guid":{"rendered":"https:\/\/colegiomerced1914.com.ar\/?page_id=305"},"modified":"2024-12-10T19:14:09","modified_gmt":"2024-12-10T19:14:09","slug":"institucional","status":"publish","type":"page","link":"https:\/\/colegiomerced1914.com.ar\/institucional\/","title":{"rendered":"Nuestra Historia"},"content":{"rendered":"\t\t<div data-elementor-type=\"wp-page\" data-elementor-id=\"305\" class=\"elementor elementor-305\">\n\t\t\t\t<div class=\"elementor-element elementor-element-8781d34 e-flex e-con-boxed e-con e-parent\" data-id=\"8781d34\" data-element_type=\"container\">\n\t\t\t\t\t<div class=\"e-con-inner\">\n\t\t\t\t<div class=\"elementor-element elementor-element-2a43dc2 elementor-widget elementor-widget-spacer\" data-id=\"2a43dc2\" data-element_type=\"widget\" data-widget_type=\"spacer.default\">\n\t\t\t\t<div class=\"elementor-widget-container\">\n\t\t\t<style>\/*! elementor - v3.22.0 - 26-06-2024 *\/\n.elementor-column .elementor-spacer-inner{height:var(--spacer-size)}.e-con{--container-widget-width:100%}.e-con-inner>.elementor-widget-spacer,.e-con>.elementor-widget-spacer{width:var(--container-widget-width,var(--spacer-size));--align-self:var(--container-widget-align-self,initial);--flex-shrink:0}.e-con-inner>.elementor-widget-spacer>.elementor-widget-container,.e-con>.elementor-widget-spacer>.elementor-widget-container{height:100%;width:100%}.e-con-inner>.elementor-widget-spacer>.elementor-widget-container>.elementor-spacer,.e-con>.elementor-widget-spacer>.elementor-widget-container>.elementor-spacer{height:100%}.e-con-inner>.elementor-widget-spacer>.elementor-widget-container>.elementor-spacer>.elementor-spacer-inner,.e-con>.elementor-widget-spacer>.elementor-widget-container>.elementor-spacer>.elementor-spacer-inner{height:var(--container-widget-height,var(--spacer-size))}.e-con-inner>.elementor-widget-spacer.elementor-widget-empty,.e-con>.elementor-widget-spacer.elementor-widget-empty{position:relative;min-height:22px;min-width:22px}.e-con-inner>.elementor-widget-spacer.elementor-widget-empty .elementor-widget-empty-icon,.e-con>.elementor-widget-spacer.elementor-widget-empty .elementor-widget-empty-icon{position:absolute;top:0;bottom:0;left:0;right:0;margin:auto;padding:0;width:22px;height:22px}<\/style>\t\t<div class=\"elementor-spacer\">\n\t\t\t<div class=\"elementor-spacer-inner\"><\/div>\n\t\t<\/div>\n\t\t\t\t<\/div>\n\t\t\t\t<\/div>\n\t\t\t\t<div class=\"elementor-element elementor-element-e273900 elementor-widget elementor-widget-heading\" data-id=\"e273900\" data-element_type=\"widget\" data-widget_type=\"heading.default\">\n\t\t\t\t<div class=\"elementor-widget-container\">\n\t\t\t<style>\/*! elementor - v3.22.0 - 26-06-2024 *\/\n.elementor-heading-title{padding:0;margin:0;line-height:1}.elementor-widget-heading .elementor-heading-title[class*=elementor-size-]>a{color:inherit;font-size:inherit;line-height:inherit}.elementor-widget-heading .elementor-heading-title.elementor-size-small{font-size:15px}.elementor-widget-heading .elementor-heading-title.elementor-size-medium{font-size:19px}.elementor-widget-heading .elementor-heading-title.elementor-size-large{font-size:29px}.elementor-widget-heading .elementor-heading-title.elementor-size-xl{font-size:39px}.elementor-widget-heading .elementor-heading-title.elementor-size-xxl{font-size:59px}<\/style><h2 class=\"elementor-heading-title elementor-size-default\">NUESTRA HISTORIA<\/h2>\t\t<\/div>\n\t\t\t\t<\/div>\n\t\t\t\t\t<\/div>\n\t\t\t\t<\/div>\n\t\t<div class=\"elementor-element elementor-element-344843f e-flex e-con-boxed e-con e-parent\" data-id=\"344843f\" data-element_type=\"container\">\n\t\t\t\t\t<div class=\"e-con-inner\">\n\t\t\t\t<div class=\"elementor-element elementor-element-260b07b elementor-widget elementor-widget-image\" data-id=\"260b07b\" data-element_type=\"widget\" data-widget_type=\"image.default\">\n\t\t\t\t<div class=\"elementor-widget-container\">\n\t\t\t<style>\/*! elementor - v3.22.0 - 26-06-2024 *\/\n.elementor-widget-image{text-align:center}.elementor-widget-image a{display:inline-block}.elementor-widget-image a img[src$=\".svg\"]{width:48px}.elementor-widget-image img{vertical-align:middle;display:inline-block}<\/style>\t\t\t\t\t\t\t\t\t\t<img fetchpriority=\"high\" decoding=\"async\" width=\"1024\" height=\"647\" src=\"https:\/\/colegiomerced1914.com.ar\/wp-content\/uploads\/2024\/06\/20200301_101523-e1720975379625-1024x647.jpg\" class=\"attachment-large size-large wp-image-20\" alt=\"\" srcset=\"https:\/\/colegiomerced1914.com.ar\/wp-content\/uploads\/2024\/06\/20200301_101523-e1720975379625-1024x647.jpg 1024w, https:\/\/colegiomerced1914.com.ar\/wp-content\/uploads\/2024\/06\/20200301_101523-e1720975379625-300x189.jpg 300w, https:\/\/colegiomerced1914.com.ar\/wp-content\/uploads\/2024\/06\/20200301_101523-e1720975379625-768x485.jpg 768w, https:\/\/colegiomerced1914.com.ar\/wp-content\/uploads\/2024\/06\/20200301_101523-e1720975379625.jpg 1259w\" sizes=\"(max-width: 1024px) 100vw, 1024px\" \/>\t\t\t\t\t\t\t\t\t\t\t\t\t<\/div>\n\t\t\t\t<\/div>\n\t\t\t\t\t<\/div>\n\t\t\t\t<\/div>\n\t\t<div class=\"elementor-element elementor-element-454d9ef e-flex e-con-boxed e-con e-parent\" data-id=\"454d9ef\" data-element_type=\"container\">\n\t\t\t\t\t<div class=\"e-con-inner\">\n\t\t\t\t<div class=\"elementor-element elementor-element-ee27612 elementor-widget elementor-widget-spacer\" data-id=\"ee27612\" data-element_type=\"widget\" data-widget_type=\"spacer.default\">\n\t\t\t\t<div class=\"elementor-widget-container\">\n\t\t\t\t\t<div class=\"elementor-spacer\">\n\t\t\t<div class=\"elementor-spacer-inner\"><\/div>\n\t\t<\/div>\n\t\t\t\t<\/div>\n\t\t\t\t<\/div>\n\t\t\t\t\t<\/div>\n\t\t\t\t<\/div>\n\t\t<div class=\"elementor-element elementor-element-f70b9a0 e-flex e-con-boxed e-con e-parent\" data-id=\"f70b9a0\" data-element_type=\"container\">\n\t\t\t\t\t<div class=\"e-con-inner\">\n\t\t<div class=\"elementor-element elementor-element-7f3ffc8 e-con-full e-flex e-con e-child\" data-id=\"7f3ffc8\" data-element_type=\"container\">\n\t\t\t\t<\/div>\n\t\t<div class=\"elementor-element elementor-element-3ee0976 e-con-full e-flex e-con e-child\" data-id=\"3ee0976\" data-element_type=\"container\">\n\t\t\t\t<div class=\"elementor-element elementor-element-25f43d3 elementor-widget-mobile__width-initial elementor-widget elementor-widget-image\" data-id=\"25f43d3\" data-element_type=\"widget\" data-widget_type=\"image.default\">\n\t\t\t\t<div class=\"elementor-widget-container\">\n\t\t\t\t\t\t\t\t\t\t\t\t\t<img decoding=\"async\" width=\"500\" height=\"500\" src=\"https:\/\/colegiomerced1914.com.ar\/wp-content\/uploads\/2024\/07\/1.png\" class=\"attachment-large size-large wp-image-313\" alt=\"\" srcset=\"https:\/\/colegiomerced1914.com.ar\/wp-content\/uploads\/2024\/07\/1.png 500w, https:\/\/colegiomerced1914.com.ar\/wp-content\/uploads\/2024\/07\/1-300x300.png 300w, https:\/\/colegiomerced1914.com.ar\/wp-content\/uploads\/2024\/07\/1-150x150.png 150w\" sizes=\"(max-width: 500px) 100vw, 500px\" \/>\t\t\t\t\t\t\t\t\t\t\t\t\t<\/div>\n\t\t\t\t<\/div>\n\t\t\t\t<\/div>\n\t\t<div class=\"elementor-element elementor-element-53123c2 e-con-full e-flex e-con e-child\" data-id=\"53123c2\" data-element_type=\"container\">\n\t\t\t\t<div class=\"elementor-element elementor-element-893bb32 elementor-widget elementor-widget-image\" data-id=\"893bb32\" data-element_type=\"widget\" data-widget_type=\"image.default\">\n\t\t\t\t<div class=\"elementor-widget-container\">\n\t\t\t\t\t\t\t\t\t\t\t\t\t<img decoding=\"async\" width=\"500\" height=\"500\" src=\"https:\/\/colegiomerced1914.com.ar\/wp-content\/uploads\/2024\/07\/2.png\" class=\"attachment-large size-large wp-image-314\" alt=\"\" srcset=\"https:\/\/colegiomerced1914.com.ar\/wp-content\/uploads\/2024\/07\/2.png 500w, https:\/\/colegiomerced1914.com.ar\/wp-content\/uploads\/2024\/07\/2-300x300.png 300w, https:\/\/colegiomerced1914.com.ar\/wp-content\/uploads\/2024\/07\/2-150x150.png 150w\" sizes=\"(max-width: 500px) 100vw, 500px\" \/>\t\t\t\t\t\t\t\t\t\t\t\t\t<\/div>\n\t\t\t\t<\/div>\n\t\t\t\t<\/div>\n\t\t<div class=\"elementor-element elementor-element-af4cf18 e-con-full e-flex e-con e-child\" data-id=\"af4cf18\" data-element_type=\"container\">\n\t\t\t\t<\/div>\n\t\t\t\t\t<\/div>\n\t\t\t\t<\/div>\n\t\t<div class=\"elementor-element elementor-element-dfb43ca e-flex e-con-boxed e-con e-parent\" data-id=\"dfb43ca\" data-element_type=\"container\">\n\t\t\t\t\t<div class=\"e-con-inner\">\n\t\t\t\t<div class=\"elementor-element elementor-element-5cfaf5a elementor-widget elementor-widget-text-editor\" data-id=\"5cfaf5a\" data-element_type=\"widget\" data-widget_type=\"text-editor.default\">\n\t\t\t\t<div class=\"elementor-widget-container\">\n\t\t\t<style>\/*! elementor - v3.22.0 - 26-06-2024 *\/\n.elementor-widget-text-editor.elementor-drop-cap-view-stacked .elementor-drop-cap{background-color:#69727d;color:#fff}.elementor-widget-text-editor.elementor-drop-cap-view-framed .elementor-drop-cap{color:#69727d;border:3px solid;background-color:transparent}.elementor-widget-text-editor:not(.elementor-drop-cap-view-default) .elementor-drop-cap{margin-top:8px}.elementor-widget-text-editor:not(.elementor-drop-cap-view-default) .elementor-drop-cap-letter{width:1em;height:1em}.elementor-widget-text-editor .elementor-drop-cap{float:left;text-align:center;line-height:1;font-size:50px}.elementor-widget-text-editor .elementor-drop-cap-letter{display:inline-block}<\/style>\t\t\t\t<p>Desde el 6 de febrero de 1876 era p\u00e1rroco de la Merced el Padre<b> Monse\u00f1or Antonio Rasore<\/b>; quien, con nota del peri\u00f3dico de su propiedad, la Buena Lectura, pon\u00eda en conocimiento a los fieles que el 1 de junio de 1882 se creaba en Buenos Aires, la Sociedad Protectora de los Pobres de la Parroquia de la Merced.<\/p><p>Nueve mujeres figuraban en la lista; entre ellas, la Srta. <b>Sof\u00eda Bunge<\/b>, hija del Cons\u00fal Alem\u00e1n en la Argentina. Con el apoyo de dicha sociedad, nuestro p\u00e1rroco instituy\u00f3 el 3 de mayo de 1887 junto a la Merced, una escuela gratuita para ni\u00f1as pobres a cargo de la Sra. Lucrecia de D\u00edaz, sin contar con un instituto de religiosas dedicadas a la ense\u00f1anza.<\/p><p>La congregaci\u00f3n \u201cHermanas Nuestra Se\u00f1ora de la Merced del Divino Maestro\u201d, naci\u00f3 en Capital Federal, Rep\u00fablica Argentina el 1ro de agosto de 1889 para dar:<br \/>&#8211; Respuesta al Buen Dios posibilitando la educaci\u00f3n cristiana e integral para ni\u00f1as, adolescentes y j\u00f3venes.<br \/>&#8211; Desterrar el Laicismo Ateo reinante en esos tiempos y por voluntad interpretada por su fundador: Monse\u00f1or <b>Antonio Rasore<\/b> y la ferviente colaboraci\u00f3n de la Madre <b>Sofia Bunge<\/b>.<br \/>&#8211; Compartir su carisma y servicio mediante la educaci\u00f3n humana, cristiana y social.<br \/>&#8211; Concret\u00f3 el compromiso de responder al mandato divino de: \u201cId y ense\u00f1ad a todos\u201d en la fe, esperanza y solidaridad.<\/p><p>En Tucum\u00e1n, el colegio fue fundado el 2 de marzo de 1914. <b>\u00a1110 a\u00f1os MERCEDARIAS!<\/b><\/p>\t\t\t\t\t\t<\/div>\n\t\t\t\t<\/div>\n\t\t\t\t\t<\/div>\n\t\t\t\t<\/div>\n\t\t<div class=\"elementor-element elementor-element-c3887be e-flex e-con-boxed e-con e-parent\" data-id=\"c3887be\" data-element_type=\"container\">\n\t\t\t\t\t<div class=\"e-con-inner\">\n\t\t\t\t<div class=\"elementor-element elementor-element-2a50abe elementor-widget elementor-widget-heading\" data-id=\"2a50abe\" data-element_type=\"widget\" data-widget_type=\"heading.default\">\n\t\t\t\t<div class=\"elementor-widget-container\">\n\t\t\t<h2 class=\"elementor-heading-title elementor-size-default\">AUTORIDADES<\/h2>\t\t<\/div>\n\t\t\t\t<\/div>\n\t\t\t\t\t<\/div>\n\t\t\t\t<\/div>\n\t\t<div class=\"elementor-element elementor-element-e06fa5f e-flex e-con-boxed e-con e-parent\" data-id=\"e06fa5f\" data-element_type=\"container\">\n\t\t\t\t\t<div class=\"e-con-inner\">\n\t\t\t\t<div class=\"elementor-element elementor-element-7f2cde7 elementor-widget elementor-widget-heading\" data-id=\"7f2cde7\" data-element_type=\"widget\" data-widget_type=\"heading.default\">\n\t\t\t\t<div class=\"elementor-widget-container\">\n\t\t\t<h2 class=\"elementor-heading-title elementor-size-default\">Equipo de conducci\u00f3n de la obra<\/h2>\t\t<\/div>\n\t\t\t\t<\/div>\n\t\t\t\t\t<\/div>\n\t\t\t\t<\/div>\n\t\t<div class=\"elementor-element elementor-element-580e463 e-flex e-con-boxed e-con e-parent\" data-id=\"580e463\" data-element_type=\"container\">\n\t\t\t\t\t<div class=\"e-con-inner\">\n\t\t\t\t<div class=\"elementor-element elementor-element-d323334 elementor-widget elementor-widget-text-editor\" data-id=\"d323334\" data-element_type=\"widget\" data-widget_type=\"text-editor.default\">\n\t\t\t\t<div class=\"elementor-widget-container\">\n\t\t\t\t\t\t\t<p><b>Representante Legal:<\/b><span style=\"font-weight: 400;\"> Hna. Mar\u00eda N. Barrera<\/span><\/p><p><span style=\"font-style: inherit; background-color: var(--ast-global-color-5);\"><b>Representante Legal:<\/b> Dra. Ana Mar\u00eda Fourmantin<\/span><\/p>\t\t\t\t\t\t<\/div>\n\t\t\t\t<\/div>\n\t\t\t\t\t<\/div>\n\t\t\t\t<\/div>\n\t\t<div class=\"elementor-element elementor-element-e0461d7 e-flex e-con-boxed e-con e-parent\" data-id=\"e0461d7\" data-element_type=\"container\">\n\t\t\t\t\t<div class=\"e-con-inner\">\n\t\t\t\t<div class=\"elementor-element elementor-element-59f97af elementor-widget elementor-widget-heading\" data-id=\"59f97af\" data-element_type=\"widget\" data-widget_type=\"heading.default\">\n\t\t\t\t<div class=\"elementor-widget-container\">\n\t\t\t<h2 class=\"elementor-heading-title elementor-size-default\">Equipo de conducci\u00f3n Nivel Primario y Secundario\n<\/h2>\t\t<\/div>\n\t\t\t\t<\/div>\n\t\t\t\t\t<\/div>\n\t\t\t\t<\/div>\n\t\t<div class=\"elementor-element elementor-element-c01d9ab e-flex e-con-boxed e-con e-parent\" data-id=\"c01d9ab\" data-element_type=\"container\">\n\t\t\t\t\t<div class=\"e-con-inner\">\n\t\t\t\t<div class=\"elementor-element elementor-element-0fc014f elementor-widget elementor-widget-text-editor\" data-id=\"0fc014f\" data-element_type=\"widget\" data-widget_type=\"text-editor.default\">\n\t\t\t\t<div class=\"elementor-widget-container\">\n\t\t\t\t\t\t\t<p><strong>Directora de Nivel Primario: <\/strong><span style=\"font-weight: 400;\">Prof.\u00a0<\/span><span style=\"background-color: var(--ast-global-color-5);\">Marcela del Valle Gonzalez<\/span><\/p><p><strong>Rectora de Nivel Secundario: <\/strong><span style=\"font-weight: 400;\">Prof. Blanca Elizabeth Arga\u00f1araz<\/span><\/p>\t\t\t\t\t\t<\/div>\n\t\t\t\t<\/div>\n\t\t\t\t\t<\/div>\n\t\t\t\t<\/div>\n\t\t\t\t<\/div>\n\t\t","protected":false},"excerpt":{"rendered":"<p>NUESTRA HISTORIA Desde el 6 de febrero de 1876 era p\u00e1rroco de la Merced el Padre Monse\u00f1or Antonio Rasore; quien, [&hellip;]<\/p>\n","protected":false},"author":2,"featured_media":0,"parent":0,"menu_order":0,"comment_status":"closed","ping_status":"closed","template":"","meta":{"site-sidebar-layout":"no-sidebar","site-content-layout":"","ast-site-content-layout":"full-width-container","site-content-style":"default","site-sidebar-style":"default","ast-global-header-display":"","ast-banner-title-visibility":"","ast-main-header-display":"","ast-hfb-above-header-display":"","ast-hfb-below-header-display":"","ast-hfb-mobile-header-display":"","site-post-title":"disabled","ast-breadcrumbs-content":"","ast-featured-img":"disabled","footer-sml-layout":"","theme-transparent-header-meta":"","adv-header-id-meta":"","stick-header-meta":"","header-above-stick-meta":"","header-main-stick-meta":"","header-below-stick-meta":"","astra-migrate-meta-layouts":"default","ast-page-background-enabled":"default","ast-page-background-meta":{"desktop":{"background-color":"var(--ast-global-color-4)","background-image":"","background-repeat":"repeat","background-position":"center center","background-size":"auto","background-attachment":"scroll","background-type":"","background-media":"","overlay-type":"","overlay-color":"","overlay-opacity":"","overlay-gradient":""},"tablet":{"background-color":"","background-image":"","background-repeat":"repeat","background-position":"center center","background-size":"auto","background-attachment":"scroll","background-type":"","background-media":"","overlay-type":"","overlay-color":"","overlay-opacity":"","overlay-gradient":""},"mobile":{"background-color":"","background-image":"","background-repeat":"repeat","background-position":"center center","background-size":"auto","background-attachment":"scroll","background-type":"","background-media":"","overlay-type":"","overlay-color":"","overlay-opacity":"","overlay-gradient":""}},"ast-content-background-meta":{"desktop":{"background-color":"var(--ast-global-color-5)","background-image":"","background-repeat":"repeat","background-position":"center center","background-size":"auto","background-attachment":"scroll","background-type":"","background-media":"","overlay-type":"","overlay-color":"","overlay-opacity":"","overlay-gradient":""},"tablet":{"background-color":"var(--ast-global-color-5)","background-image":"","background-repeat":"repeat","background-position":"center center","background-size":"auto","background-attachment":"scroll","background-type":"","background-media":"","overlay-type":"","overlay-color":"","overlay-opacity":"","overlay-gradient":""},"mobile":{"background-color":"var(--ast-global-color-5)","background-image":"","background-repeat":"repeat","background-position":"center center","background-size":"auto","background-attachment":"scroll","background-type":"","background-media":"","overlay-type":"","overlay-color":"","overlay-opacity":"","overlay-gradient":""}},"footnotes":""},"_links":{"self":[{"href":"https:\/\/colegiomerced1914.com.ar\/wp-json\/wp\/v2\/pages\/305"}],"collection":[{"href":"https:\/\/colegiomerced1914.com.ar\/wp-json\/wp\/v2\/pages"}],"about":[{"href":"https:\/\/colegiomerced1914.com.ar\/wp-json\/wp\/v2\/types\/page"}],"author":[{"embeddable":true,"href":"https:\/\/colegiomerced1914.com.ar\/wp-json\/wp\/v2\/users\/2"}],"replies":[{"embeddable":true,"href":"https:\/\/colegiomerced1914.com.ar\/wp-json\/wp\/v2\/comments?post=305"}],"version-history":[{"count":47,"href":"https:\/\/colegiomerced1914.com.ar\/wp-json\/wp\/v2\/pages\/305\/revisions"}],"predecessor-version":[{"id":515,"href":"https:\/\/colegiomerced1914.com.ar\/wp-json\/wp\/v2\/pages\/305\/revisions\/515"}],"wp:attachment":[{"href":"https:\/\/colegiomerced1914.com.ar\/wp-json\/wp\/v2\/media?parent=305"}],"curies":[{"name":"wp","href":"https:\/\/api.w.org\/{rel}","templated":true}]}}